= 20*v + 18. What is the units digit of b(9)?
8
Suppose -q + 5*z + 23 = 0, 3*q + 3*z + 2*z - 29 = 0. Suppose 11*f - q*f = -2. What is the units digit of f?
1
What is the tens digit of 2/(-5) - (-755712)/180?
9
Suppose -5*f = -3*f. Suppose f*l = 5*l - 85. Let m = l - 14. What is the units digit of m?
3
Let c = -10 - -99. Let g = c + -64. What is the units digit of g?
5
Suppose 0 = 4*z + z. Suppose z = 3*y + 15, y = 5*m - 0*y - 465. Let t = m + -47. What is the units digit of t?
5
Let m(q) = q**2 - 2*q - 3. Let f(w) = w**3 + 5*w**2 - 4. Let c be f(-4). Let b be (32/c + -2)*-6. What is the units digit of m(b)?
1
Let x(r) = -53*r + 105. What is the units digit of x(-8)?
9
Suppose -268 = -3*l - 742. Let b = 76 + l. Let y = b + 122. What is the units digit of y?
0
What is the units digit of (-2307)/((-4)/(-20) - 32/10)?
9
Suppose 195 + 1077 = 2*z. What is the tens digit of z?
3
Let n = -46 + 90. Suppose n = 7*a - 229. What is the units digit of a?
9
Let w = -10 + 15. Suppose 2*i - 2*p = 304, -788 = -w*i - 0*p - 2*p. Suppose 2*t - 53 = -j, -3*j - t - 2*t + i = 0. What is the tens digit of j?
5
Let k = -26 - -29. Let s(y) = 35*y - 4*y**2 + 11*y**2 - 32*y - 6 - y**k. What is the units digit of s(6)?
8
Suppose 3*m = -0*m + n + 841, -2*n + 847 = 3*m. Suppose 0 = 4*s - m + 25. What is the units digit of s?
4
Suppose 0 = 5*m + 2*g - 420, -2*m + 84 = -m + 5*g. Let h = m - 23. What is the units digit of h?
1
Suppose -7*d + 17*d = 110. Suppose -d*k + 5*k = -822. What is the units digit of k?
7
Let v = 15 - 5. Suppose 3*m = v*m - 889. What is the units digit of m?
7
Let a(o) = o**3 - 11*o**2 + 9*o + 12. Let p be a(10). Suppose -p*z + z - 2*i = -102, -i + 465 = 5*z. What is the units digit of z?
2
Let a be ((-30)/(-9))/((-4)/(-6)). Suppose a*p = -2*p + 28. Let v(f) = -f**3 + 5*f**2 - f + 5. What is the units digit of v(p)?
7
Suppose 0*l + 5*l - 1200 = 0. Suppose -4*a - 3*m = -l, -a - m + 69 = 2*m. What is the units digit of a?
7
Suppose -4*h + 2*d + 7683 = -1545, 0 = 2*h - 2*d - 4610. What is the tens digit of h?
0
Suppose 0 = -41*l + 42*l + 490. What is the units digit of 1/(9/(-6)) - l/15?
2
Suppose 0 = 20*a - 23*a. Let n(l) = -l - 1 - l + a*l + 3*l. What is the units digit of n(7)?
6
Let v = 294 - -187. Let b = v - 310. What is the hundreds digit of b?
1
Let c(r) = r**2 - 3*r + 1. Let v(k) = k**2 - 10*k - 7. Let m be v(0). What is the tens digit of c(m)?
7
Suppose 150 = -3*n - 4*o + 4555, -3*n - 5*o + 4409 = 0. What is the units digit of n?
3
Suppose 303*i - 2737 = 296*i. What is the tens digit of i?
9
Let k(r) = -42*r - 3. Let i be k(-4). Suppose 5*x = x, 5*u = x + i. What is the tens digit of u?
3
Suppose 3 = -4*v + 83. Suppose -6*g + v = -g. Suppose 0*t - g*t = -108. What is the tens digit of t?
2
Suppose l + 6*p - 71 = 4*p, 3*p = 3*l - 213. Suppose 0*h + 5*r = 5*h - 75, r = 5*h - l. What is the units digit of h?
4
Let y = -35 + 223. What is the tens digit of y?
8
Let l = 3523 - 2378. What is the units digit of l?
5
Suppose 4*u - 3693 = g, 2*g + 4620 = 5*u - 0*u. What is the units digit of u?
2
Suppose -84726 = 45*i - 72*i. What is the thousands digit of i?
3
Suppose 5*b - 288 - 107 = 0. What is the units digit of b?
9
Let s(t) = -7*t**3 + 9*t**2 + t - 9. Let c(h) = 3*h**3 - 4*h**2 - h + 4. Let a(r) = 5*c(r) + 2*s(r). Let o = -22 - -25. What is the units digit of a(o)?
2
Let q(v) = 7*v**2 + 8*v - 2. What is the units digit of q(6)?
8
Let c(w) = -w**3 - 22*w**2 + 35*w - 78. What is the hundreds digit of c(-26)?
7
Suppose -8*n = -2474 + 266. What is the tens digit of n?
7
Let j be (-1 + 2)/(3/15). Suppose -5 = -3*c - 5*v, -4*c - 3*v = -9 - j. Suppose -148 = i - c*i. What is the tens digit of i?
3
Let h be (-24)/36*(-318)/2. Let q = -46 + h. What is the tens digit of ((-76)/6)/((-20)/q)?
3
Let l(q) = 30*q**2 + 2*q - 369. Let m(c) = -14*c**2 - c + 184. Let a(d) = 6*l(d) + 13*m(d). What is the tens digit of a(0)?
7
Let w(v) = -6*v**3 + 6*v**2 - 12*v - 111. What is the hundreds digit of w(-6)?
4
Let t(r) = -3*r**3 + 78*r**2 + 11*r - 36. What is the units digit of t(26)?
0
Suppose 74466 = 53*c - 22312. What is the hundreds digit of c?
8
Let z = 9 - 7. Let n be z + -1 + 22 + -19. Suppose 2*t = -n*d - 2*t + 120, 0 = -2*t - 2. What is the tens digit of d?
3
Let p = 147 - 19. What is the units digit of p?
8
What is the hundreds digit of (-22084)/(-30) + 60/(-450)?
7
Suppose 0 = 7*m - 3*m + k - 1898, 4*k - 8 = 0. What is the units digit of m?
4
Let b = 0 - -2. Suppose -c - 4 + 9 = 0. Suppose -q = 4*h - c*q - 20, -b*q + 2 = 0. What is the units digit of h?
6
Let y(s) = s**3 - 9*s**2 + s - 7. Let r be y(9). Suppose r*v - 269 = k, 4*v + 4*k = k + 533. What is the tens digit of v?
3
Let q(b) = b - 12. Let r be q(0). Let u = r - -9. What is the tens digit of (-3 + 100/(-12))*u?
3
Let g be (2 + -3)/(2/140). Suppose 3*d = -232 - 161. Let v = g - d. What is the tens digit of v?
6
Suppose -585 = 18*n - 3*n. Let h = -19 - n. What is the tens digit of h?
2
Suppose -2*b = -3*a - 9742, 24401 = 5*b - 12*a + 16*a. What is the units digit of b?
7
Suppose 4*f - 1242 = 182. What is the units digit of f?
6
Suppose -2*m - 3 = -309. What is the hundreds digit of m?
1
Suppose 3*y - 5*v - 18 = 0, -4*v = -2*y + 8 + 2. Let s(l) = 5*l - 39 - 2*l + 42. What is the units digit of s(y)?
6
What is the units digit of 7/7*(-1 - -50)?
9
Let x be (2/(-4))/(1/(-12)). Suppose -x*b = b - 280. Let c = b - 25. What is the tens digit of c?
1
Let y = -92 - -85. What is the tens digit of (-3 - 23/y) + (-1468)/(-7)?
1
Let s(d) = 3*d**3 + 6*d**2 - 4*d - 11. What is the tens digit of s(5)?
9
Suppose c + 83 + 25 = 0. What is the units digit of c/(-45) + -2 + (-1266)/(-10)?
7
Let v(b) = 2*b**2 + 10*b + 8. Let t be v(-7). Suppose -t = -r + g + 13, -r + 4*g = -52. What is the units digit of r?
8
Let d(x) = x**3 - 10*x**2 + 10*x - 4. Let u be d(9). Let n(m) = 2*m**2 + 8*m - 7. What is the units digit of n(u)?
3
Let f = -1299 - -2377. What is the thousands digit of f?
1
Let x = -63 - -40. Let p = 118 - x. What is the hundreds digit of p?
1
Let a = -29 + 29. Suppose 5*i + a*g = -g + 199, 2*g = -i + 47. What is the units digit of i?
9
Let s = -37 - -33. What is the tens digit of 79 - s*(-5)/(-10)?
8
Suppose -259*j + 300*j - 148010 = 0. What is the thousands digit of j?
3
Suppose -7*h + 12*h + 90 = 0. Let u = 29 + h. What is the units digit of u?
1
Let j(i) = 29*i + 1. Let y be j(1). Let u be 126/y - (-1)/(-5). Suppose 5*v + 3*p - 36 = 5*p, u*p - 32 = -3*v. What is the units digit of v?
8
Suppose 2*i + 14*i = 26704. What is the thousands digit of i?
1
Suppose -s + 5*s = 20. Suppose -g + 5*g - s*x - 1524 = 0, 12 = 3*x. Suppose g - 113 = 7*m. What is the tens digit of m?
3
Let m = 635 + -570. What is the tens digit of m?
6
Let s(t) = 99*t**2 + 7*t + 58. What is the thousands digit of s(-4)?
1
Let m = -597 - -2496. What is the hundreds digit of m?
8
Suppose 5*y + 25 = 0, -8 + 25 = -3*w - y. Suppose 1164 = 11*j - 15*j. What is the tens digit of j/(-27) + w/(-18)?
1
Let g be ((-600)/(-9))/5 - (-8)/(-6). Suppose 13*l - 2757 = g. What is the units digit of l?
3
Let m = -1833 - -2977. What is the tens digit of m?
4
Suppose 3*m + t - 165 = -2*m, 4*m + 4*t = 132. Suppose -l - m = -2*l. Let j = l - 3. What is the tens digit of j?
3
Let g(o) = -o**3 + 6*o**2 - 9*o + 7. Let t be g(4). Suppose 6*q - t*z - 79 = 4*q, -3*z = 5*q - 145. What is the tens digit of q?
3
Suppose 13 = -2*r - 4*c - 43, 5*r + 5*c = -145. Let a be -2 + 3 + 51 + -2. Let l = a + r. What is the units digit of l?
0
Let v(a) = a**2 - 8*a + 14. Let b be v(6). Suppose -3*w - b*o = -146, 2*w = -2*w + 4*o + 168. What is the tens digit of w?
4
Let h be (-10)/(-4) + -2 - 5973/66. What is the units digit of (-13250)/h - (-2)/(-9)?
7
Suppose -3*l = -5*d - 1357, 0*d = -5*d + 5. What is the units digit of l?
4
Let d = 2196 - 1260. What is the tens digit of d?
3
Let o(b) = 7*b**2 + 5*b - 4. Let s(u) = 7*u**2 + 6*u - 5. Let v(k) = 5*o(k) - 4*s(k). What is the tens digit of v(-2)?
2
Suppose -4*m - 4 = 2*r, -3*r - 2*m - 16 = -2. Let l = 1 + r. Let h(b) = b**3 + 5*b**2 - 8*b - 5. What is the tens digit of h(l)?
3
Suppose 5*g + h + 3*h = 850, -680 = -4*g + h. What is the hundreds digit of g?
1
Let b = -23 - -28. Let a(q) be the second derivative of q**4/12 - 2*q**3/3 + q**2 - 2